{"id":604,"date":"2022-06-07T16:09:13","date_gmt":"2022-06-07T14:09:13","guid":{"rendered":"http:\/\/jpfcourtage.com\/?page_id=604"},"modified":"2022-06-16T16:02:26","modified_gmt":"2022-06-16T14:02:26","slug":"mentions-legales","status":"publish","type":"page","link":"https:\/\/www.jpfcourtage.com\/?page_id=604","title":{"rendered":"Mentions l\u00e9gales"},"content":{"rendered":"\n<h2 class=\"wp-block-heading\">Pr\u00e9sentation de la soci\u00e9t\u00e9<\/h2>\n\n\n\n<figure class=\"wp-block-table\"><table><tbody><tr><td><strong>D\u00e9nomination&nbsp;commerciale<\/strong><\/td><td><em>JPF COURTAGE<\/em><\/td><\/tr><tr><td><strong>Adresse du si\u00e8ge social&nbsp;<\/strong><\/td><td><em>80 rue du Th\u00e9\u00e2tre 75015 Paris<\/em><\/td><\/tr><tr><td><strong>Forme juridique&nbsp;<\/strong><\/td><td><em>SARL<\/em><\/td><\/tr><tr><td><strong>RCS<\/strong><\/td><td><em>Paris 453 273 997<\/em><\/td><\/tr><tr><td><strong>Capital social<\/strong><\/td><td><em>140 000 euros<\/em><\/td><\/tr><tr><td><strong>Adresse mail&nbsp;<\/strong><\/td><td><a href=\"mailto:mfroment@jpfcourtage.com\" target=\"_blank\" rel=\"noreferrer noopener\"><em>mfroment@jpfcourtage.com<\/em><\/a><em>&nbsp;&#8211;&nbsp;<a href=\"mailto:gfroment@jpfcourtage.com\" target=\"_blank\" rel=\"noreferrer noopener\">gfroment@jpfcourtage.com<\/a><\/em><\/td><\/tr><tr><td><strong>T\u00e9l\u00e9phone<\/strong><\/td><td><a href=\"tel:%2B33%20%280%291%2044%2082%2099%2063\" target=\"_blank\" rel=\"noreferrer noopener\"><em>+33 (0)1 44 82 99 63<\/em><\/a><\/td><\/tr><tr><td><strong>Site Internet<\/strong><\/td><td><em><a href=\"http:\/\/www.jpfcourtage.com\/\" target=\"_blank\" rel=\"noreferrer noopener\">http:\/\/www.jpfcourtage.com<\/a><\/em><\/td><\/tr><\/tbody><\/table><\/figure>\n\n\n\n<p>JPF COURTAGE est immatricul\u00e9e sur le registre unique des interm\u00e9diaires en assurance, banque et finance (<a href=\"http:\/\/www.orias.fr\/\" target=\"_blank\" rel=\"noreferrer noopener\">www.orias.fr<\/a>) sous le n\u00b0 07003890 pour l\u2019activit\u00e9 de Courtier d\u2019assurance.<\/p>\n\n\n\n<p>Cette activit\u00e9 est contr\u00f4lable par l\u2019Autorit\u00e9 de Contr\u00f4le Prudentiel et de R\u00e9solution (ACPR) &#8211; 4 Place de Budapest CS 92459 75436 PARIS CEDEX 09 &#8211;&nbsp;<a href=\"http:\/\/www.acp.banque-france.fr\" target=\"_blank\" rel=\"noreferrer noopener\" title=\"\"><\/a><a href=\"http:\/\/www.acp.banque-france.fr\/\">www.acp.banque-france.fr<\/a>.<\/p>\n\n\n\n<h2 class=\"wp-block-heading\">R\u00e9clamations<\/h2>\n\n\n\n<p>Pour toute r\u00e9clamation, JPF COURTAGE peut \u00eatre contact\u00e9e par courrier, par t\u00e9l\u00e9phone ou par mail.<\/p>\n\n\n\n<p>JPF COURTAGE s\u2019engage \u00e0 traiter votre r\u00e9clamation dans les d\u00e9lais suivants :<\/p>\n\n\n\n<p>\u00b7&nbsp;&nbsp;&nbsp;&nbsp;&nbsp;&nbsp; dix jours ouvrables maximum \u00e0 compter de la r\u00e9ception de la r\u00e9clamation, pour accuser r\u00e9ception, sauf si la r\u00e9ponse elle-m\u00eame est apport\u00e9e au client dans ce d\u00e9lai ;<\/p>\n\n\n\n<p>\u00b7&nbsp;&nbsp;&nbsp;&nbsp;&nbsp;&nbsp; deux mois maximum entre la date de r\u00e9ception de la r\u00e9clamation et la date d\u2019envoi de la r\u00e9ponse au client sauf survenance de circonstances particuli\u00e8res d\u00fbment justifi\u00e9es.<\/p>\n\n\n\n<p>Le m\u00e9diateur peut \u00eatre saisi deux mois apr\u00e8s l\u2019envoi de la premi\u00e8re r\u00e9clamation \u00e9crite qui a \u00e9t\u00e9 adress\u00e9e au professionnel, quel que soit l\u2019interlocuteur ou le service aupr\u00e8s duquel elle a \u00e9t\u00e9 formul\u00e9e.<\/p>\n\n\n\n<p>Si le diff\u00e9rend subsiste, vous pourrez saisir le m\u00e9diateur d\u00e9sign\u00e9 par JPF COURTAGE : M\u00e9diation de l\u2019ASSURANCE (<a href=\"http:\/\/mediation-assurance.org\/\" target=\"_blank\" rel=\"noreferrer noopener\">mediation-assurance.org<\/a>), TSA 50110, 75441 Paris Cedex 09.<\/p>\n\n\n\n<h2 class=\"wp-block-heading\">\u00c9diteur<\/h2>\n\n\n\n<p><strong>JPF&nbsp;COURTAGE &#8211; 80 rue du Th\u00e9\u00e2tre &#8211; 75015 Paris<\/strong><\/p>\n\n\n\n<p>Direction de la Publication&nbsp;: Magali FROMENT<\/p>\n\n\n\n<h2 class=\"wp-block-heading\">H\u00e9bergeur<\/h2>\n\n\n\n<p>Ce site web est h\u00e9berg\u00e9 par HOSTINGER, dont le si\u00e8ge social est situ\u00e9 HOSTINGER INTERNATIONAL LTD, 61 Lordou Vironos Street, 6023 Larnaca, Chypre, joignable par le moyen suivant :<a href=\"https:\/\/www.hostinger.fr\/contact\" target=\"_blank\" rel=\"noreferrer noopener\">https:\/\/www.hostinger.fr\/contact<\/a>.<\/p>\n\n\n\n<h2 class=\"wp-block-heading\">Webmaster<\/h2>\n\n\n\n<p>Le site est administr\u00e9 par Evang\u00e9line BROUILLARD EI &#8211; SIRET 91228009600013 &#8211; Contact : brouillardevangeline@gmail.com<\/p>\n\n\n\n<h2 class=\"wp-block-heading\">Protection des donn\u00e9es personnelles<\/h2>\n\n\n\n<p>En France, les donn\u00e9es personnelles sont notamment prot\u00e9g\u00e9es par la loi n\u00b0 78-87 du 6 janvier 1978, la loi n\u00b0 2004-801 du 6 ao\u00fbt 2004, l\u2019article L. 226-13 du Code p\u00e9nal et la Directive Europ\u00e9enne du 24 octobre 1995.<br>A l\u2019occasion de l\u2019utilisation du site www.jpfcourtage.com, peuvent \u00eatre recueillies : l\u2019URL des liens par l\u2019interm\u00e9diaire desquels l\u2019utilisateur a acc\u00e9d\u00e9 au site www.jpfcourtage.com, le fournisseur d\u2019acc\u00e8s de l\u2019utilisateur, l\u2019adresse de protocole Internet (IP) de l\u2019utilisateur.<\/p>\n\n\n\n<p>En tout \u00e9tat de cause JPF COURTAGE ne collecte des informations  personnelles relatives \u00e0 l\u2019utilisateur que pour le besoin de certains services propos\u00e9s par le site www.jpfcourtage.com. <\/p>\n\n\n\n<p>Le site n\u2019est pas d\u00e9clar\u00e9 \u00e0 la CNIL car il ne recueille pas d\u2019informations personnelles.<\/p>\n\n\n\n<h2 class=\"wp-block-heading\">Utilisation des cookies<\/h2>\n\n\n\n<p>Le site www.jpfcourtage.com n&rsquo;utilise pas de cookies \u00e0 des fins marketing. Seuls les cookies de fonctionnement du site internet sont enregistr\u00e9s pendant la dur\u00e9e de la session.<\/p>\n\n\n\n<h2 class=\"wp-block-heading\">Cr\u00e9dits<\/h2>\n\n\n\n<p>Les informations diffus\u00e9es sur le site sont r\u00e9dig\u00e9es et illustr\u00e9es par la SARL JPF COURTAGE.<\/p>\n\n\n\n<p> Les images et photographies proviennent de banques d&rsquo;images libres de droits fournissant des licences permettant la consultation web.<\/p>\n\n\n\n<p>Cr\u00e9dit photo :<\/p>\n\n\n\n<p>Home : Shutterstock  iStock.com\/akinbostanci<\/p>\n\n\n\n<p>Assurance emprunteur : iStock.com\/MicroStockHub<\/p>\n\n\n\n<p>Retraite : iStock.com\/baona<\/p>\n\n\n\n<p>Pr\u00e9voyance : iStock.com\/breath10<\/p>\n\n\n\n<p>Assurance vie : iStock.com\/Rinelle<\/p>\n\n\n\n<p>Compl\u00e9mentaire sant\u00e9 :  iStock.com\/<a href=\"https:\/\/www.istockphoto.com\/fr\/portfolio\/isayildiz?mediatype=photography\">i<\/a>sayildiz<\/p>\n\n\n\n<h2 class=\"wp-block-heading\">Clause de non-responsabilit\u00e9<\/h2>\n\n\n\n<p>La responsabilit\u00e9 de la SARL JPF COURTAGE ne peut, en aucune mani\u00e8re, \u00eatre engag\u00e9e quant au contenu des informations figurant sur ce site ou aux cons\u00e9quences pouvant r\u00e9sulter de leur utilisation ou interpr\u00e9tation.<\/p>\n\n\n\n<h2 class=\"wp-block-heading\">Propri\u00e9t\u00e9 intellectuelle<\/h2>\n\n\n\n<p>Le site de la SARL JPF COURTAGE est une \u0153uvre de cr\u00e9ation, propri\u00e9t\u00e9 exclusive de la SARL JPF COURTAGE, prot\u00e9g\u00e9e par la l\u00e9gislation fran\u00e7aise et internationale sur le droit de la propri\u00e9t\u00e9 intellectuelle. Aucune reproduction ou repr\u00e9sentation ne peut \u00eatre r\u00e9alis\u00e9e en contravention avec les droits de la SARL JPF COURTAGE issus de la l\u00e9gislation susvis\u00e9e.<\/p>\n\n\n\n<h2 class=\"wp-block-heading\">Liens hypertextes<\/h2>\n\n\n\n<p>La mise en place de liens hypertextes par des tiers vers des pages ou des documents diffus\u00e9s sur le site de la SARL JPF COURTAGE, est autoris\u00e9e sous r\u00e9serve que les liens ne contreviennent pas aux int\u00e9r\u00eats de la SARL JPF COURTAGE, et, qu\u2019ils garantissent la possibilit\u00e9 pour l\u2019utilisateur d\u2019identifier l\u2019origine et l\u2019auteur du document..<\/p>\n","protected":false},"excerpt":{"rendered":"<p>Pr\u00e9sentation de la soci\u00e9t\u00e9 D\u00e9nomination&nbsp;commerciale JPF COURTAGE Adresse du si\u00e8ge social&nbsp; 80 rue du Th\u00e9\u00e2tre 75015 Paris Forme juridique&nbsp; SARL RCS Paris 453 273 997 Capital social 140 000 euros Adresse mail&nbsp; mfroment@jpfcourtage.com&nbsp;&#8211;&nbsp;gfroment@jpfcourtage.com T\u00e9l\u00e9phone +33 (0)1 44 82 99 63 Site Internet http:\/\/www.jpfcourtage.com JPF COURTAGE est immatricul\u00e9e sur le registre unique des interm\u00e9diaires en assurance,&hellip;&nbsp;<a href=\"https:\/\/www.jpfcourtage.com\/?page_id=604\" class=\"\" rel=\"bookmark\">Lire la suite &raquo;<span class=\"screen-reader-text\">Mentions l\u00e9gales<\/span><\/a><\/p>\n","protected":false},"author":1,"featured_media":0,"parent":0,"menu_order":0,"comment_status":"closed","ping_status":"closed","template":"","meta":{"neve_meta_sidebar":"","neve_meta_container":"","neve_meta_enable_content_width":"","neve_meta_content_width":0,"neve_meta_title_alignment":"","neve_meta_author_avatar":"","neve_post_elements_order":"","neve_meta_disable_header":"","neve_meta_disable_footer":"","neve_meta_disable_title":"","footnotes":"","_links_to":"","_links_to_target":""},"class_list":["post-604","page","type-page","status-publish","hentry"],"aioseo_notices":[],"_links":{"self":[{"href":"https:\/\/www.jpfcourtage.com\/index.php?rest_route=\/wp\/v2\/pages\/604","targetHints":{"allow":["GET"]}}],"collection":[{"href":"https:\/\/www.jpfcourtage.com\/index.php?rest_route=\/wp\/v2\/pages"}],"about":[{"href":"https:\/\/www.jpfcourtage.com\/index.php?rest_route=\/wp\/v2\/types\/page"}],"author":[{"embeddable":true,"href":"https:\/\/www.jpfcourtage.com\/index.php?rest_route=\/wp\/v2\/users\/1"}],"replies":[{"embeddable":true,"href":"https:\/\/www.jpfcourtage.com\/index.php?rest_route=%2Fwp%2Fv2%2Fcomments&post=604"}],"version-history":[{"count":8,"href":"https:\/\/www.jpfcourtage.com\/index.php?rest_route=\/wp\/v2\/pages\/604\/revisions"}],"predecessor-version":[{"id":1143,"href":"https:\/\/www.jpfcourtage.com\/index.php?rest_route=\/wp\/v2\/pages\/604\/revisions\/1143"}],"wp:attachment":[{"href":"https:\/\/www.jpfcourtage.com\/index.php?rest_route=%2Fwp%2Fv2%2Fmedia&parent=604"}],"curies":[{"name":"wp","href":"https:\/\/api.w.org\/{rel}","templated":true}]}}